t of 694 - (-1 - -5 - 8)*1?
6
Let f be (4/3)/(2/3). Suppose f*g + 30 = -120. What is the units digit of 6/12 + g/(-2)?
8
Let r = 2050 + -501. What is the tens digit of r?
4
Let m = -239 - -386. What is the tens digit of m?
4
Suppose 3*a - 10279 = -4*r, -12850 = -5*r - 127*a + 123*a. What is the thousands digit of r?
2
Let n be 2*1/2*-3. Let o = -1 - n. Suppose 0 = 3*r - 9, -2*r = -o*z - 6*r + 90. What is the units digit of z?
9
Let p(y) be the third derivative of -31*y**4/12 - 22*y**3/3 - y**2 - 7. What is the hundreds digit of p(-6)?
3
Suppose -44*k + 167892 - 37652 = 0. What is the units digit of k?
0
Suppose 0 = -3*b + 12 + 9. What is the units digit of (-34 + 4 - -1)*(2 - b)?
5
What is the units digit of (52 - 4 - -2)*7?
0
Let d(w) = w**2 - 4*w - 32. Let c be d(8). Suppose q - 8*q + 511 = c. What is the units digit of q?
3
Let w(q) = -43*q + 6. Let o be w(-1). Let v = 10 + o. What is the tens digit of v?
5
Suppose 3*n - 15 = -0*n. Suppose -3*h - 52 - 150 = -4*m, n*m - 243 = -h. What is the units digit of m?
9
Let d be (275 - -13)/(6/8). Suppose -d = -2*m - 5*h, 10*h - 6*h = 16. What is the units digit of m?
2
Let k(r) = 89*r**2 + 17*r - 3. What is the thousands digit of k(-5)?
2
Suppose 0 = -3*h + 2*m + 165, -4*m + 197 = 4*h + m. Let s = h - 32. What is the tens digit of 4/(-3)*s/(-2)?
1
Let f(n) = -113*n**3 - 3*n**2 + n - 2. Let i(d) = 114*d**3 + 4*d**2 - d + 2. Let t(l) = -4*f(l) - 3*i(l). What is the units digit of t(1)?
1
What is the hundreds digit of -335*(3 + (-248)/40)?
0
Let y be (-8 + -105)*(-2)/(-2). Let q = y + 212. Let n = q + -54. What is the units digit of n?
5
What is the units digit of 10623/21 - 2 - 5/(-35)?
4
Let g = -598 + 1107. Suppose 4*b = -3*v + g, -2*v = -b - 2 + 143. What is the hundreds digit of b?
1
Let b = -239 - -536. What is the hundreds digit of b?
2
Let w(h) = -h**2 - 10*h - 4. Let r be w(-9). Suppose 5*u + 5*q = 225, 0*q + 81 = 2*u + r*q. Suppose a - u = -3*a. What is the tens digit of a?
1
Let a = 788 - 323. What is the tens digit of a?
6
What is the units digit of -6 + (-12830)/(-6 - -1) + 4?
4
Let x(z) = z**3 + 58*z**2 + 89*z - 147. What is the tens digit of x(-56)?
4
Let u(a) = -14*a**3 + 3*a**2 - 5*a - 698. Let z(v) = -5*v**3 + v**2 - 2*v - 233. Let y(x) = -4*u(x) + 11*z(x). What is the tens digit of y(0)?
2
Suppose h = 4*x + 54, 0 = -2*h - h - 5*x + 94. What is the units digit of h?
8
Let f(w) = -w**3 + 9*w**2 + 2*w - 9. Let r = 86 + -90. What is the tens digit of f(r)?
9
Suppose 0 = -12*m + 10*m + 512. Suppose s + s = m. What is the tens digit of s?
2
Suppose 0 = -5*z - 0*c - 2*c + 21, 2*z - 6 = -2*c. Suppose 0 = -l + 5*y + 12, -4*y = -z*l + 4*l + 14. What is the units digit of l?
2
Suppose 2*y = -4*c + 166, 6*c - 317 = -4*y + c. What is the units digit of y/((2 + -4)/(-2))?
3
What is the units digit of (-1)/(-2)*299 - 3/2?
8
Let f(x) = -6*x**3 - 3*x**2 + x. Suppose 0 = 6*t - 8*t - 5*q - 14, 2*q + 14 = -5*t. What is the tens digit of f(t)?
3
Let v be ((-6)/(-9))/(5/(-15))*26. What is the tens digit of (-13)/v + (-39)/(-4)?
1
Suppose 425 = 4*a - b - 3172, 903 = a - b. What is the units digit of a?
8
Let o = -178 + 252. Suppose -2*g - 2*g - o = -5*r, 0 = -4*r + 3*g + 60. What is the units digit of r?
8
Suppose -86553 = 48*j - 107*j. What is the thousands digit of j?
1
Let z(w) = w**3 + 9*w**2 + 5*w - 1. Let j be z(-6). Suppose -s - 11 = -j. What is the tens digit of s?
6
Suppose 32 = -n + 5*n. Let u = n - 3. Suppose -p - 6 = u*j, -2*j + j - 4 = 0. What is the tens digit of p?
1
Let x(r) = r**3 - 6*r**2 - 6*r + 1. Let d be x(7). What is the units digit of (-1072)/(-10) + d/10?
8
Let w be (-20)/6 - 26/39. What is the units digit of (w/6)/(1/(-81)*2)?
7
Let z = -10 - -13. Suppose z*j - 264 = -0*j. What is the units digit of j?
8
Let b = 1356 + -1274. What is the units digit of b?
2
Suppose 0*v - 2*v = 3*z - 1281, -640 = -v - z. Let m = v - 452. What is the hundreds digit of m?
1
Let u(f) be the second derivative of f**5/20 + f**4/3 - 7*f**3/6 - f**2 + 20*f. What is the tens digit of u(3)?
4
Let g be (4 - 76/16)*2*-4. Let o(p) = -7*p**2 + 3. Let b(c) = -15*c**2 - c + 5. Let l(z) = -6*b(z) + 13*o(z). What is the units digit of l(g)?
9
Let n(q) = -2*q**3 - 6*q**2 - 2*q + 8. Let w be n(-4). Let v = -11 + w. What is the units digit of v?
7
Suppose -4*l + 105 + 3 = 0. Let h be 9/(4*9/60). What is the units digit of l/3*h/9?
5
Suppose -140 = 2*d + 5*d. What is the units digit of (3/(-2))/(3/d)?
0
Suppose -5*k + 27 = -128. Let d = k + -58. Let s = d - -40. What is the units digit of s?
3
Let t = -697 + 2135. What is the hundreds digit of t?
4
What is the tens digit of 855 + (4/(-4) - 5)?
4
Suppose f = -p - 11, 0 = -2*f + 2*p - 0*p - 18. Let c = -11 - f. What is the units digit of (c/4)/((-4)/16)?
1
Let p = -9 + 11. Suppose p*q + q = 120. What is the tens digit of q?
4
Let r(y) = -7*y + 1. Let m be r(-1). Let p(i) = -i**3 + 8*i**2 + 2*i - 9. What is the units digit of p(m)?
7
Let q = 2885 - 1583. What is the thousands digit of q?
1
Suppose 3*o = -5*u + 174, -3*o + 1 = -u + 25. What is the tens digit of u?
3
Let b be 8/24 + 559/(-3). Let c be b/(-21) - (-1)/7. What is the units digit of c*((-14)/(-3) - 3)?
5
Suppose -2*k - 10199 = -5*q, -3*q - 12*k + 6113 = -10*k. What is the hundreds digit of q?
0
Let j(u) = 50*u**2 + 3*u - 16. What is the tens digit of j(2)?
9
Let s = 2200 + -1046. What is the units digit of s?
4
Suppose 5*u - 11 = -3*y + 4*y, y + 7 = 4*u. Suppose -469 = y*k - 16*k. What is the units digit of k?
7
Let p(u) = u**2 - 20*u - 20. Let j be ((-44)/(-12))/(1/3). Let r be p(j). Let k = -63 - r. What is the units digit of k?
6
Suppose 2*a - 6*a = -12. Suppose -4*h + 192 = 4*m + m, -3*h - a*m + 144 = 0. What is the tens digit of h?
4
What is the hundreds digit of 3 - (-15)/(-6) - (-5652)/8?
7
Let s = -18 + 87. Let z = s - 6. What is the tens digit of z?
6
Let c be 35/3 + 2*2/12. Suppose 2*f - 12 = -f. Suppose 5*h = -4*y + c, -15 - 33 = -4*y + f*h. What is the units digit of y?
8
Let l(q) = q - 1. Let a(j) = 3*j**2 - 2*j**2 - 17*j + 14 + 0*j**2 - 7. Let f(z) = a(z) + 6*l(z). What is the units digit of f(11)?
1
Suppose -14*l + 0*l - 168 = 0. What is the hundreds digit of (909/(-12))/(l/16)?
1
Suppose 16 = 5*n - 9. Suppose -n*u + 903 = 2*u. What is the hundreds digit of u?
1
Let s(y) = -333*y + 4. What is the tens digit of s(-2)?
7
Let a be 1 - (-2 + -3 - -2). Suppose 7*w - a*w - 15 = 0. Suppose -w*l = -62 - 58. What is the units digit of l?
4
Suppose 0 = 4*p - 6*c + 5*c - 2483, 0 = 3*p - 4*c - 1859. What is the tens digit of p?
2
Suppose 0 = -y - 2*y + 15. Suppose 3*l - l = 4*d + 18, 3*l + y*d + 28 = 0. What is the tens digit of (0 - l) + (-17)/(-1)?
1
Let w(f) = -4 - 2 - 2*f + 7 + 10*f**2. What is the units digit of w(-2)?
5
Let x(b) = -757*b + 526. What is the thousands digit of x(-3)?
2
Let i(r) = -16*r + 14. Let b(v) = 1. Let d(w) = -6*b(w) - i(w). What is the tens digit of d(10)?
4
Let v = 276 + -153. Suppose 0 = -7*a + 15 - 1. Suppose -w - 2*d = -41, -3*d + 6 = -a*w + v. What is the tens digit of w?
5
Suppose 2*m - 1078 = -w, -2*m + 1078 = 3*w + w. What is the units digit of m?
9
Suppose m = -3*c - 11 - 5, 2*c = 2*m - 24. Let q = c - -11. Suppose 3*z + q*h - 110 = 0, 0 = z - 3*z - 5*h + 78. What is the tens digit of z?
3
Let p be 159/(((-1)/3)/(8/18)). Let g = -65 - p. What is the tens digit of g?
4
What is the hundreds digit of (-4)/(-3) + (-13)/3 - -557?
5
Let b(c) = -c + 1. Let z be b(-4). Suppose -2*i + n = -7*i - 148, 3*i + z*n + 102 = 0. Let j = i + 41. What is the units digit of j?
2
What is the hundreds digit of (-2 - (-39874)/10) + (-255)/(-425)?
9
What is the hundreds digit of ((-19)/(-38))/((-4)/(-4744))?
5
Let d be 6/(-3*1/30). Let a = d + 102. What is the units digit of a?
2
Suppose 57 = 4*h - 3*n, 3*h + 0*h + 5*n - 21 = 0. Suppose 4*y - h = -28. What is the units digit of ((-87)/3)/(-1) - y?
3
Suppose 0 = -2*c - 2*c - 12. Let t(q) = -4*q**3 - 2*q**2 + 4*q + 2. What is the tens digit of t(c)?
8
Suppose -3*l = 11 + 7. What is the tens digit of (4 + -9)/(-15) + (-400)/l?
6
Suppose 0 = 4*r - 3*w - 3133, -3915 = -5*r - 4*w - 22. What is the tens digit of r?
8
Suppose 2*l + 3*l = -70. Let x = -12 - l. What is the units digit of 7 - (3 - (x + 0))?
6
Let y(p) be the first derivative of p**4/